{"id":950,"date":"2018-10-05T11:18:11","date_gmt":"2018-10-05T09:18:11","guid":{"rendered":"http:\/\/daniela.aufwind.co.at\/?page_id=950"},"modified":"2019-01-18T13:05:02","modified_gmt":"2019-01-18T12:05:02","slug":"fanclub","status":"publish","type":"page","link":"https:\/\/daniela.at\/saengerin\/fanclub\/","title":{"rendered":"Fanclub"},"content":{"rendered":"<h3>FANCLUB &#8211; \u00d6STERREICH \/ DEUTSCHLAND &#8211; AUSFL\u00dcGE<\/h3>\n<p><strong>Daniela Urich<\/strong><br \/>\nStadtplatz 38<br \/>\nA-4690 Schwanenstadt<\/p>\n<p>Tel.: 0043 (0) 7673 \/ 2204<br \/>\nWeb: <a href=\"\/\">www.daniela.at<\/a><br \/>\nE-Mail: <a href=\"mailto:daniela@urich.at\">daniela@urich.at<\/a><\/p>\n<div class=\"rl-gallery-container\" id=\"rl-gallery-container-1\" data-gallery_id=\"0\"> <div class=\"rl-gallery rl-basicmasonry-gallery \" id=\"rl-gallery-1\" data-gallery_no=\"1\"> <div class=\"rl-gutter-sizer\"><\/div><div class=\"rl-grid-sizer\"><\/div> <div class=\"rl-gallery-item rl-gallery-item-width-4\" > <div class=\"rl-gallery-item-content\"> <a href=\"https:\/\/daniela.at\/saengerin\/wp-content\/uploads\/2019\/01\/DSC0553_kl.png\" title=\"Immer ein Riesen Spa\u00df mit meinen Fans.\" data-rl_title=\"Immer ein Riesen Spa\u00df mit meinen Fans.\" class=\"rl-gallery-link\" data-rl_caption=\"\" data-rel=\"lightbox-gallery-1\"><img src=\"https:\/\/daniela.at\/saengerin\/wp-content\/uploads\/2019\/01\/DSC0553_kl-300x150.png\" width=\"300\" height=\"150\" \/><span class=\"rl-gallery-caption\"><span class=\"rl-gallery-item-title\">Immer ein Riesen Spa\u00df mit meinen Fans.<\/span><\/span><\/a> <\/div> <\/div> <div class=\"rl-gallery-item\" > <div class=\"rl-gallery-item-content\"> <a href=\"https:\/\/daniela.at\/saengerin\/wp-content\/uploads\/2019\/01\/001-282_kl.png\" title=\"Salzkammergut CD Pr\u00e4sentation von Daniela Urich mit einer Traunseeschifffahrt.\" data-rl_title=\"Salzkammergut CD Pr\u00e4sentation von Daniela Urich mit einer Traunseeschifffahrt.\" class=\"rl-gallery-link\" data-rl_caption=\"\" data-rel=\"lightbox-gallery-1\"><img src=\"https:\/\/daniela.at\/saengerin\/wp-content\/uploads\/2019\/01\/001-282_kl-300x150.png\" width=\"300\" height=\"150\" \/><span class=\"rl-gallery-caption\"><span class=\"rl-gallery-item-title\">Salzkammergut CD Pr\u00e4sentation von Daniela Urich mit einer Traunseeschifffahrt.<\/span><\/span><\/a> <\/div> <\/div> <div class=\"rl-gallery-item\" > <div class=\"rl-gallery-item-content\"> <a href=\"https:\/\/daniela.at\/saengerin\/wp-content\/uploads\/2019\/01\/001-700_kl.png\" title=\"Fanausflug vom \u00d6sterreichischen \/ Deutschen Fanclub nach Gmunden am Traunsee.\" data-rl_title=\"Fanausflug vom \u00d6sterreichischen \/ Deutschen Fanclub nach Gmunden am Traunsee.\" class=\"rl-gallery-link\" data-rl_caption=\"\" data-rel=\"lightbox-gallery-1\"><img src=\"https:\/\/daniela.at\/saengerin\/wp-content\/uploads\/2019\/01\/001-700_kl-300x150.png\" width=\"300\" height=\"150\" \/><span class=\"rl-gallery-caption\"><span class=\"rl-gallery-item-title\">Fanausflug vom \u00d6sterreichischen \/ Deutschen Fanclub nach Gmunden am Traunsee.<\/span><\/span><\/a> <\/div> <\/div> <div class=\"rl-gallery-item\" > <div class=\"rl-gallery-item-content\"> <a href=\"https:\/\/daniela.at\/saengerin\/wp-content\/uploads\/2019\/01\/2016-06-25-Musi-Stadl-641_kl.png\" title=\"Fanclub \u00d6sterreich \/Deutschland on Tour zu Daniela Urichs Musi-Stadl 2016 im Gasthaus Maschler Traiskirchen\/ Wien.\" data-rl_title=\"Fanclub \u00d6sterreich \/Deutschland on Tour zu Daniela Urichs Musi-Stadl 2016 im Gasthaus Maschler Traiskirchen\/ Wien.\" class=\"rl-gallery-link\" data-rl_caption=\"\" data-rel=\"lightbox-gallery-1\"><img src=\"https:\/\/daniela.at\/saengerin\/wp-content\/uploads\/2019\/01\/2016-06-25-Musi-Stadl-641_kl-300x150.png\" width=\"300\" height=\"150\" \/><span class=\"rl-gallery-caption\"><span class=\"rl-gallery-item-title\">Fanclub \u00d6sterreich \/Deutschland on Tour zu Daniela Urichs Musi-Stadl 2016 im Gasthaus Maschler Traiskirchen\/ Wien.<\/span><\/span><\/a> <\/div> <\/div> <div class=\"rl-gallery-item\" > <div class=\"rl-gallery-item-content\"> <a href=\"https:\/\/daniela.at\/saengerin\/wp-content\/uploads\/2019\/01\/DSC_0043_kl.png\" title=\"\u00d6sterreichischer Fanclubausflug zu Daniela Urichs Musi -Stadl on Tour nach M\u00f6llersdorf\/ Wien.\" data-rl_title=\"\u00d6sterreichischer Fanclubausflug zu Daniela Urichs Musi -Stadl on Tour nach M\u00f6llersdorf\/ Wien.\" class=\"rl-gallery-link\" data-rl_caption=\"\" data-rel=\"lightbox-gallery-1\"><img src=\"https:\/\/daniela.at\/saengerin\/wp-content\/uploads\/2019\/01\/DSC_0043_kl-300x150.png\" width=\"300\" height=\"150\" \/><span class=\"rl-gallery-caption\"><span class=\"rl-gallery-item-title\">\u00d6sterreichischer Fanclubausflug zu Daniela Urichs Musi -Stadl on Tour nach M\u00f6llersdorf\/ Wien.<\/span><\/span><\/a> <\/div> <\/div> <div class=\"rl-gallery-item\" > <div class=\"rl-gallery-item-content\"> <a href=\"https:\/\/daniela.at\/saengerin\/wp-content\/uploads\/2019\/01\/DSC_0053-2_kl.png\" title=\"Daniela Urich mit Ralf Litzke (li.) und Martin Knetzle (re.), alle immer lustig drauf, Musik verbindet eben die Menschen \u00fcber die Grenzen hinaus.\" data-rl_title=\"Daniela Urich mit Ralf Litzke (li.) und Martin Knetzle (re.), alle immer lustig drauf, Musik verbindet eben die Menschen \u00fcber die Grenzen hinaus.\" class=\"rl-gallery-link\" data-rl_caption=\"\" data-rel=\"lightbox-gallery-1\"><img src=\"https:\/\/daniela.at\/saengerin\/wp-content\/uploads\/2019\/01\/DSC_0053-2_kl-300x150.png\" width=\"300\" height=\"150\" \/><span class=\"rl-gallery-caption\"><span class=\"rl-gallery-item-title\">Daniela Urich mit Ralf Litzke (li.) und Martin Knetzle (re.), alle immer lustig drauf, Musik verbindet eben die Menschen \u00fcber die Grenzen hinaus.<\/span><\/span><\/a> <\/div> <\/div> <div class=\"rl-gallery-item\" > <div class=\"rl-gallery-item-content\"> <a href=\"https:\/\/daniela.at\/saengerin\/wp-content\/uploads\/2019\/01\/DSC_0187_kl.png\" title=\"Daniela Urich mit ihrem Fanclubleiter Deutschland, Ralf Litzke links von ihr und rechts von ihr, Fanclubleiter \u00d6sterreich, Ronny Gratzer.\" data-rl_title=\"Daniela Urich mit ihrem Fanclubleiter Deutschland, Ralf Litzke links von ihr und rechts von ihr, Fanclubleiter \u00d6sterreich, Ronny Gratzer.\" class=\"rl-gallery-link\" data-rl_caption=\"\" data-rel=\"lightbox-gallery-1\"><img src=\"https:\/\/daniela.at\/saengerin\/wp-content\/uploads\/2019\/01\/DSC_0187_kl-300x150.png\" width=\"300\" height=\"150\" \/><span class=\"rl-gallery-caption\"><span class=\"rl-gallery-item-title\">Daniela Urich mit ihrem Fanclubleiter Deutschland, Ralf Litzke links von ihr und rechts von ihr, Fanclubleiter \u00d6sterreich, Ronny Gratzer.<\/span><\/span><\/a> <\/div> <\/div> <div class=\"rl-gallery-item\" > <div class=\"rl-gallery-item-content\"> <a href=\"https:\/\/daniela.at\/saengerin\/wp-content\/uploads\/2019\/01\/DSC03558_kl.png\" title=\"\u00d6sterreichischer Fanausflug zum singenden Wirt nach Elisabethszell im Bayrischen Wald zu meiner CD Pr\u00e4sentation.\" data-rl_title=\"\u00d6sterreichischer Fanausflug zum singenden Wirt nach Elisabethszell im Bayrischen Wald zu meiner CD Pr\u00e4sentation.\" class=\"rl-gallery-link\" data-rl_caption=\"\" data-rel=\"lightbox-gallery-1\"><img src=\"https:\/\/daniela.at\/saengerin\/wp-content\/uploads\/2019\/01\/DSC03558_kl-300x150.png\" width=\"300\" height=\"150\" \/><span class=\"rl-gallery-caption\"><span class=\"rl-gallery-item-title\">\u00d6sterreichischer Fanausflug zum singenden Wirt nach Elisabethszell im Bayrischen Wald zu meiner CD Pr\u00e4sentation.<\/span><\/span><\/a> <\/div> <\/div> <div class=\"rl-gallery-item\" > <div class=\"rl-gallery-item-content\"> <a href=\"https:\/\/daniela.at\/saengerin\/wp-content\/uploads\/2019\/01\/DSC03563_kl.png\" title=\"\u00d6sterreichischer Fanausflug zum singenden Wirt nach Elisabethszell im Bayrischen Wald zu meiner CD Pr\u00e4sentation.\" data-rl_title=\"\u00d6sterreichischer Fanausflug zum singenden Wirt nach Elisabethszell im Bayrischen Wald zu meiner CD Pr\u00e4sentation.\" class=\"rl-gallery-link\" data-rl_caption=\"\" data-rel=\"lightbox-gallery-1\"><img src=\"https:\/\/daniela.at\/saengerin\/wp-content\/uploads\/2019\/01\/DSC03563_kl-300x150.png\" width=\"300\" height=\"150\" \/><span class=\"rl-gallery-caption\"><span class=\"rl-gallery-item-title\">\u00d6sterreichischer Fanausflug zum singenden Wirt nach Elisabethszell im Bayrischen Wald zu meiner CD Pr\u00e4sentation.<\/span><\/span><\/a> <\/div> <\/div> <div class=\"rl-gallery-item\" > <div class=\"rl-gallery-item-content\"> <a href=\"https:\/\/daniela.at\/saengerin\/wp-content\/uploads\/2019\/01\/DSC04328_kl.png\" title=\"Meine Fans aus der franz\u00f6sischen Schweiz, einer meiner sch\u00f6nsten Erlebnisse. Keiner konnte Deutsch, aber das Zelt mit \u00fcber 1000 Musikbegeisterten tobte.\" data-rl_title=\"Meine Fans aus der franz\u00f6sischen Schweiz, einer meiner sch\u00f6nsten Erlebnisse. Keiner konnte Deutsch, aber das Zelt mit \u00fcber 1000 Musikbegeisterten tobte.\" class=\"rl-gallery-link\" data-rl_caption=\"\" data-rel=\"lightbox-gallery-1\"><img src=\"https:\/\/daniela.at\/saengerin\/wp-content\/uploads\/2019\/01\/DSC04328_kl-300x150.png\" width=\"300\" height=\"150\" \/><span class=\"rl-gallery-caption\"><span class=\"rl-gallery-item-title\">Meine Fans aus der franz\u00f6sischen Schweiz, einer meiner sch\u00f6nsten Erlebnisse. Keiner konnte Deutsch, aber das Zelt mit \u00fcber 1000 Musikbegeisterten tobte.<\/span><\/span><\/a> <\/div> <\/div> <div class=\"rl-gallery-item\" > <div class=\"rl-gallery-item-content\"> <a href=\"https:\/\/daniela.at\/saengerin\/wp-content\/uploads\/2019\/01\/DSC04330_kl.png\" title=\"Meine Fans aus der franz\u00f6sischen Schweiz, einer meiner sch\u00f6nsten Erlebnisse. Keiner konnte Deutsch, aber das Zelt mit \u00fcber 1000 Musikbegeisterten tobte.\" data-rl_title=\"Meine Fans aus der franz\u00f6sischen Schweiz, einer meiner sch\u00f6nsten Erlebnisse. Keiner konnte Deutsch, aber das Zelt mit \u00fcber 1000 Musikbegeisterten tobte.\" class=\"rl-gallery-link\" data-rl_caption=\"\" data-rel=\"lightbox-gallery-1\"><img src=\"https:\/\/daniela.at\/saengerin\/wp-content\/uploads\/2019\/01\/DSC04330_kl-300x150.png\" width=\"300\" height=\"150\" \/><span class=\"rl-gallery-caption\"><span class=\"rl-gallery-item-title\">Meine Fans aus der franz\u00f6sischen Schweiz, einer meiner sch\u00f6nsten Erlebnisse. Keiner konnte Deutsch, aber das Zelt mit \u00fcber 1000 Musikbegeisterten tobte.<\/span><\/span><\/a> <\/div> <\/div> <div class=\"rl-gallery-item\" > <div class=\"rl-gallery-item-content\"> <a href=\"https:\/\/daniela.at\/saengerin\/wp-content\/uploads\/2019\/01\/DSC06462_kl.png\" title=\"Mit dabei waren auch mein Onkel Hans und Tante Anni, das war eine gro\u00dfe Freude f\u00fcr mich.\" data-rl_title=\"Mit dabei waren auch mein Onkel Hans und Tante Anni, das war eine gro\u00dfe Freude f\u00fcr mich.\" class=\"rl-gallery-link\" data-rl_caption=\"\" data-rel=\"lightbox-gallery-1\"><img src=\"https:\/\/daniela.at\/saengerin\/wp-content\/uploads\/2019\/01\/DSC06462_kl-300x150.png\" width=\"300\" height=\"150\" \/><span class=\"rl-gallery-caption\"><span class=\"rl-gallery-item-title\">Mit dabei waren auch mein Onkel Hans und Tante Anni, das war eine gro\u00dfe Freude f\u00fcr mich.<\/span><\/span><\/a> <\/div> <\/div> <div class=\"rl-gallery-item\" > <div class=\"rl-gallery-item-content\"> <a href=\"https:\/\/daniela.at\/saengerin\/wp-content\/uploads\/2019\/01\/DSC06481_kl.png\" title=\"\u00d6sterreichischer und deutscher Fanclub beim singenden Wirt Elisabethszell im Bayrischen Wald .\" data-rl_title=\"\u00d6sterreichischer und deutscher Fanclub beim singenden Wirt Elisabethszell im Bayrischen Wald .\" class=\"rl-gallery-link\" data-rl_caption=\"\" data-rel=\"lightbox-gallery-1\"><img src=\"https:\/\/daniela.at\/saengerin\/wp-content\/uploads\/2019\/01\/DSC06481_kl-300x150.png\" width=\"300\" height=\"150\" \/><span class=\"rl-gallery-caption\"><span class=\"rl-gallery-item-title\">\u00d6sterreichischer und deutscher Fanclub beim singenden Wirt Elisabethszell im Bayrischen Wald .<\/span><\/span><\/a> <\/div> <\/div> <div class=\"rl-gallery-item\" > <div class=\"rl-gallery-item-content\"> <a href=\"https:\/\/daniela.at\/saengerin\/wp-content\/uploads\/2019\/01\/DU_Fanclub_DE_AUT_kl.png\" title=\"Deutsch-\u00d6sterreichischer Fanclub on Tour bei Daniela Urichs Musi-Stadl im Gasthaus Maschler, Traiskirchen\/ Wien.\" data-rl_title=\"Deutsch-\u00d6sterreichischer Fanclub on Tour bei Daniela Urichs Musi-Stadl im Gasthaus Maschler, Traiskirchen\/ Wien.\" class=\"rl-gallery-link\" data-rl_caption=\"\" data-rel=\"lightbox-gallery-1\"><img src=\"https:\/\/daniela.at\/saengerin\/wp-content\/uploads\/2019\/01\/DU_Fanclub_DE_AUT_kl-300x150.png\" width=\"300\" height=\"150\" \/><span class=\"rl-gallery-caption\"><span class=\"rl-gallery-item-title\">Deutsch-\u00d6sterreichischer Fanclub on Tour bei Daniela Urichs Musi-Stadl im Gasthaus Maschler, Traiskirchen\/ Wien.<\/span><\/span><\/a> <\/div> <\/div> <div class=\"rl-gallery-item\" > <div class=\"rl-gallery-item-content\"> <a href=\"https:\/\/daniela.at\/saengerin\/wp-content\/uploads\/2019\/01\/P1020928_kl.png\" title=\"1. Fanwanderung vom \u00d6sterreichischen \/ Deutschen Fanclub zum Langbathsee im Salzkammergut, Juli 2015.\" data-rl_title=\"1. Fanwanderung vom \u00d6sterreichischen \/ Deutschen Fanclub zum Langbathsee im Salzkammergut, Juli 2015.\" class=\"rl-gallery-link\" data-rl_caption=\"\" data-rel=\"lightbox-gallery-1\"><img src=\"https:\/\/daniela.at\/saengerin\/wp-content\/uploads\/2019\/01\/P1020928_kl-300x150.png\" width=\"300\" height=\"150\" \/><span class=\"rl-gallery-caption\"><span class=\"rl-gallery-item-title\">1. Fanwanderung vom \u00d6sterreichischen \/ Deutschen Fanclub zum Langbathsee im Salzkammergut, Juli 2015.<\/span><\/span><\/a> <\/div> <\/div> <div class=\"rl-gallery-item\" > <div class=\"rl-gallery-item-content\"> <a href=\"https:\/\/daniela.at\/saengerin\/wp-content\/uploads\/2019\/01\/P1030608_kl.png\" title=\"Hausball mit den Fans im Hotel Garni, ein Konzert mit Daniela Urich, hautnah, als DANKESCH\u00d6N f\u00fcr ihre ganz treuen Fans.\" data-rl_title=\"Hausball mit den Fans im Hotel Garni, ein Konzert mit Daniela Urich, hautnah, als DANKESCH\u00d6N f\u00fcr ihre ganz treuen Fans.\" class=\"rl-gallery-link\" data-rl_caption=\"\" data-rel=\"lightbox-gallery-1\"><img src=\"https:\/\/daniela.at\/saengerin\/wp-content\/uploads\/2019\/01\/P1030608_kl-300x150.png\" width=\"300\" height=\"150\" \/><span class=\"rl-gallery-caption\"><span class=\"rl-gallery-item-title\">Hausball mit den Fans im Hotel Garni, ein Konzert mit Daniela Urich, hautnah, als DANKESCH\u00d6N f\u00fcr ihre ganz treuen Fans.<\/span><\/span><\/a> <\/div> <\/div> <div class=\"rl-gallery-item\" > <div class=\"rl-gallery-item-content\"> <a href=\"https:\/\/daniela.at\/saengerin\/wp-content\/uploads\/2019\/01\/P1010731_kl.png\" title=\"Martin Knetzle aus Augsburg, einer meiner gr\u00f6\u00dften Fans, dem keine Wegstrecke zu weit ist!\" data-rl_title=\"Martin Knetzle aus Augsburg, einer meiner gr\u00f6\u00dften Fans, dem keine Wegstrecke zu weit ist!\" class=\"rl-gallery-link\" data-rl_caption=\"\" data-rel=\"lightbox-gallery-1\"><img src=\"https:\/\/daniela.at\/saengerin\/wp-content\/uploads\/2019\/01\/P1010731_kl-150x300.png\" width=\"150\" height=\"300\" \/><span class=\"rl-gallery-caption\"><span class=\"rl-gallery-item-title\">Martin Knetzle aus Augsburg, einer meiner gr\u00f6\u00dften Fans, dem keine Wegstrecke zu weit ist!<\/span><\/span><\/a> <\/div> <\/div> <div class=\"rl-gallery-item\" > <div class=\"rl-gallery-item-content\"> <a href=\"https:\/\/daniela.at\/saengerin\/wp-content\/uploads\/2019\/01\/DSC_0501-1.jpg\" title=\"Daniela Urich l\u00e4dt zum gro\u00dfen Fanclubtreffen \u00d6sterreich-Deutschland zu sich nach Hause ein.\" data-rl_title=\"Daniela Urich l\u00e4dt zum gro\u00dfen Fanclubtreffen \u00d6sterreich-Deutschland zu sich nach Hause ein.\" class=\"rl-gallery-link\" data-rl_caption=\"\" data-rel=\"lightbox-gallery-1\"><img src=\"https:\/\/daniela.at\/saengerin\/wp-content\/uploads\/2019\/01\/DSC_0501-1-243x300.jpg\" width=\"243\" height=\"300\" \/><span class=\"rl-gallery-caption\"><span class=\"rl-gallery-item-title\">Daniela Urich l\u00e4dt zum gro\u00dfen Fanclubtreffen \u00d6sterreich-Deutschland zu sich nach Hause ein.<\/span><\/span><\/a> <\/div> <\/div> <div class=\"rl-gallery-item\" > <div class=\"rl-gallery-item-content\"> <a href=\"https:\/\/daniela.at\/saengerin\/wp-content\/uploads\/2019\/01\/P1010751_kl.png\" title=\"Gro\u00dfer Daniela Urich Fan, Martin Knetzle aus Augsburg.\" data-rl_title=\"Gro\u00dfer Daniela Urich Fan, Martin Knetzle aus Augsburg.\" class=\"rl-gallery-link\" data-rl_caption=\"\" data-rel=\"lightbox-gallery-1\"><img src=\"https:\/\/daniela.at\/saengerin\/wp-content\/uploads\/2019\/01\/P1010751_kl-150x300.png\" width=\"150\" height=\"300\" \/><span class=\"rl-gallery-caption\"><span class=\"rl-gallery-item-title\">Gro\u00dfer Daniela Urich Fan, Martin Knetzle aus Augsburg.<\/span><\/span><\/a> <\/div> <\/div> <div class=\"rl-gallery-item\" > <div class=\"rl-gallery-item-content\"> <a href=\"https:\/\/daniela.at\/saengerin\/wp-content\/uploads\/2019\/01\/DSC06459_kl.png\" title=\"Zusammen mit dem singenden Wirt Stefan Dietl, hatten wir ganz viel Spa\u00df, es war mir eine gro\u00dfe Ehre.\" data-rl_title=\"Zusammen mit dem singenden Wirt Stefan Dietl, hatten wir ganz viel Spa\u00df, es war mir eine gro\u00dfe Ehre.\" class=\"rl-gallery-link\" data-rl_caption=\"\" data-rel=\"lightbox-gallery-1\"><img src=\"https:\/\/daniela.at\/saengerin\/wp-content\/uploads\/2019\/01\/DSC06459_kl-150x300.png\" width=\"150\" height=\"300\" \/><span class=\"rl-gallery-caption\"><span class=\"rl-gallery-item-title\">Zusammen mit dem singenden Wirt Stefan Dietl, hatten wir ganz viel Spa\u00df, es war mir eine gro\u00dfe Ehre.<\/span><\/span><\/a> <\/div> <\/div> <\/div> <\/div>\n","protected":false},"excerpt":{"rendered":"<p>FANCLUB &#8211; \u00d6STERREICH \/ DEUTSCHLAND &#8211; AUSFL\u00dcGE Daniela Urich Stadtplatz 38 A-4690 Schwanenstadt Tel.: 0043 (0) 7673 \/ 2204 Web: www.daniela.at E-Mail: daniela@urich.at<\/p>\n","protected":false},"author":5,"featured_media":1772,"parent":0,"menu_order":70,"comment_status":"closed","ping_status":"closed","template":"","meta":[],"_links":{"self":[{"href":"https:\/\/daniela.at\/saengerin\/wp-json\/wp\/v2\/pages\/950"}],"collection":[{"href":"https:\/\/daniela.at\/saengerin\/wp-json\/wp\/v2\/pages"}],"about":[{"href":"https:\/\/daniela.at\/saengerin\/wp-json\/wp\/v2\/types\/page"}],"author":[{"embeddable":true,"href":"https:\/\/daniela.at\/saengerin\/wp-json\/wp\/v2\/users\/5"}],"replies":[{"embeddable":true,"href":"https:\/\/daniela.at\/saengerin\/wp-json\/wp\/v2\/comments?post=950"}],"version-history":[{"count":12,"href":"https:\/\/daniela.at\/saengerin\/wp-json\/wp\/v2\/pages\/950\/revisions"}],"predecessor-version":[{"id":2124,"href":"https:\/\/daniela.at\/saengerin\/wp-json\/wp\/v2\/pages\/950\/revisions\/2124"}],"wp:featuredmedia":[{"embeddable":true,"href":"https:\/\/daniela.at\/saengerin\/wp-json\/wp\/v2\/media\/1772"}],"wp:attachment":[{"href":"https:\/\/daniela.at\/saengerin\/wp-json\/wp\/v2\/media?parent=950"}],"curies":[{"name":"wp","href":"https:\/\/api.w.org\/{rel}","templated":true}]}}