{"id":938,"date":"2018-10-05T11:17:03","date_gmt":"2018-10-05T09:17:03","guid":{"rendered":"http:\/\/daniela.aufwind.co.at\/?page_id=938"},"modified":"2023-01-11T17:20:06","modified_gmt":"2023-01-11T16:20:06","slug":"home","status":"publish","type":"page","link":"https:\/\/daniela.at\/saengerin\/","title":{"rendered":"Home"},"content":{"rendered":"<h1>Meine lieben Fans und Freunde!!!<\/h1>\n<p>Herzlich willkommen auf meiner Homepage \u201e Die Schlagers\u00e4ngerin aus dem Salzkammergut\u201c mit der glockenklaren Stimme. Seit \u00fcber 22 Jahren bin ich mit meiner Musik professionell in allen deutschsprachigen L\u00e4ndern unterwegs und mache das aus tiefster \u00dcberzeugung mit ganz viel Herz und Leidenschaft. Auf der B\u00fchne zu stehen und das Publikum dabei mit meinen Liedern zu begeistern ist f\u00fcr mich die gr\u00f6\u00dfte Herausforderung und bereitet mir eine riesengro\u00dfe Freude. Durch meine langj\u00e4hrige Gesangsausbildung die ich sogar mit \u201eAuszeichnung&#8220; abschlie\u00dfen konnte, habe ich ein gro\u00dfes und sehr umfangreiches B\u00fchnenprogramm, das nicht nur Unterhaltungsmusik sondern auch Musical, Operetten und Kirchenkonzerte beinhaltet. F\u00fcr meine eigenen Veranstaltungen mache ich auch gerne die Moderation. Dabei k\u00f6nnen wir mit unserer eigenen Musikanlage, die mein lieber Mann Hansi bedient, bis zu 500 Personen beschallen. Je nach Jahreszeit gibt es dazu noch ein traumhaft sch\u00f6nes B\u00fchnenbild!<\/p>\n<p>Aber bitte \u00fcberzeugt Euch gerne selbst von meiner musikalischen Vielseitigkeit. Ich w\u00fcnsche auch dabei ganz viel Spa\u00df beim Schm\u00f6kern,<\/p>\n<p>herzlichst<\/p>\n<p>EURE<br \/>\n<img loading=\"lazy\" class=\"alignnone size-full wp-image-1181\" src=\"\/saengerin\/wp-content\/uploads\/2018\/11\/daniela-urich-unterschrift.png\" alt=\"\" width=\"324\" height=\"77\" srcset=\"https:\/\/daniela.at\/saengerin\/wp-content\/uploads\/2018\/11\/daniela-urich-unterschrift.png 324w, https:\/\/daniela.at\/saengerin\/wp-content\/uploads\/2018\/11\/daniela-urich-unterschrift-300x71.png 300w\" sizes=\"(max-width: 324px) 100vw, 324px\" \/><\/p>\n<h2 style=\"margin-top: 50px;\">Mein\u00a0 aktuelles <span style=\"color: #b7272d;\">Album<\/span><\/h2>\n<p>Nach sehr langer und geduldiger Wartezeit ist es endlich soweit. Mit gro\u00dfer Freude ging ich ins Studio, um 13 ganz tolle Schlagertitel aufzunehmen. Meine Fans, die mich kennen, wissen, dass ich bei der Auswahl meiner Titel sehr w\u00e4hlerisch und heikel bin. Denn was mir sehr wichtig ist, dass sie zu 100 % zu mir passen.<\/p>\n<p>Nat\u00fcrlich m\u00f6chte ich meiner Linie der letzten 4 Alben treu bleiben, so wie es meine Fans von mir schon seit vielen Jahren kennen: echte, klassische Schlagertitel, die leicht ins Ohr gehen und gleich zum Mitsingen anregen. Eine Daniela Urich h\u00f6ren, erleben wie sie leibt und lebt, authentisch, echt, gef\u00fchlvoll und ehrlich. Denn meine Fans und Freunde wissen, wenn ich auf der B\u00fchne stehe und meine Lieder pr\u00e4sentiere, muss ich in erster Linie selbst davon \u00fcberzeugt sein und dahinter stehen, von dem was ich singe, dann springt auch der richtige Funke \u00fcber. So w\u00fcnsche ich Euch mit meinen neusten Liedern von ganzen Herzen viel Freude, Spa\u00df und beste Unterhaltung.<\/p>\n","protected":false},"excerpt":{"rendered":"<p>Meine lieben Fans und Freunde!!! Herzlich willkommen auf meiner Homepage \u201e Die Schlagers\u00e4ngerin aus dem Salzkammergut\u201c mit der glockenklaren Stimme. Seit \u00fcber 22 Jahren bin ich mit meiner Musik professionell in allen deutschsprachigen L\u00e4ndern unterwegs und mache das aus tiefster \u00dcberzeugung mit ganz viel Herz und Leidenschaft. Auf der B\u00fchne zu stehen und das Publikum [&hellip;]<\/p>\n","protected":false},"author":5,"featured_media":1162,"parent":0,"menu_order":10,"comment_status":"closed","ping_status":"closed","template":"","meta":[],"_links":{"self":[{"href":"https:\/\/daniela.at\/saengerin\/wp-json\/wp\/v2\/pages\/938"}],"collection":[{"href":"https:\/\/daniela.at\/saengerin\/wp-json\/wp\/v2\/pages"}],"about":[{"href":"https:\/\/daniela.at\/saengerin\/wp-json\/wp\/v2\/types\/page"}],"author":[{"embeddable":true,"href":"https:\/\/daniela.at\/saengerin\/wp-json\/wp\/v2\/users\/5"}],"replies":[{"embeddable":true,"href":"https:\/\/daniela.at\/saengerin\/wp-json\/wp\/v2\/comments?post=938"}],"version-history":[{"count":54,"href":"https:\/\/daniela.at\/saengerin\/wp-json\/wp\/v2\/pages\/938\/revisions"}],"predecessor-version":[{"id":2565,"href":"https:\/\/daniela.at\/saengerin\/wp-json\/wp\/v2\/pages\/938\/revisions\/2565"}],"wp:featuredmedia":[{"embeddable":true,"href":"https:\/\/daniela.at\/saengerin\/wp-json\/wp\/v2\/media\/1162"}],"wp:attachment":[{"href":"https:\/\/daniela.at\/saengerin\/wp-json\/wp\/v2\/media?parent=938"}],"curies":[{"name":"wp","href":"https:\/\/api.w.org\/{rel}","templated":true}]}}